{"id":753114,"date":"2026-07-28T15:07:37","date_gmt":"2026-07-28T13:07:37","guid":{"rendered":"https:\/\/sporttechs.it\/jagd-rucksack-nature-chair-pro-chairprom000\/"},"modified":"2026-07-28T15:07:37","modified_gmt":"2026-07-28T13:07:37","slug":"jagd-rucksack-nature-chair-pro-chairprom000","status":"publish","type":"product","link":"https:\/\/sporttechs.it\/de\/jagd-rucksack-nature-chair-pro-chairprom000\/","title":{"rendered":"Jagd-Rucksack Nature CHAIR PRO CHAIRPROM000"},"content":{"rendered":"<p>Der Jagd-Rucksack CHAIR PRO ist ideal f\u00fcr Ansitze bei der Jagd oder beim Angeln.<br \/>\nDank des gepolsterten R\u00fcckenteils bietet der Rucksack SYSTEM 200X Komfort und Atmungsaktivit\u00e4t f\u00fcr den R\u00fccken. Gepolsterte und verstellbare Schultergurte, ein verstellbarer H\u00fcftgurt sowie ein verschiebbarer Brustgurt mit Pfeifenschnalle. Die Innovation dieses Rucksacks ist ein bequemer, abnehmbarer Hocker mit gro\u00dfz\u00fcgiger Sitzfl\u00e4che. Mithilfe der vier Gurte l\u00e4sst sich der Hocker abnehmen, sodass er v\u00f6llig unabh\u00e4ngig vom Rucksack ist. Im Lendenbereich ist der Hocker mit einem abnehmbaren, gepolsterten Kissen ausgestattet. Der Rucksack verf\u00fcgt \u00fcber ein ger\u00e4umiges Hauptfach, zwei Seitentaschen, von denen eine als isolierte Provianttasche dient, eine Organizer-Tasche oben sowie ein ger\u00e4umiges Frontfach. \u201eSOS\u201c-Aufdruck auf der Innenseite der Abdeckung. Abstand zwischen Sitzfl\u00e4che und Boden: 50 cm       <\/p>\n","protected":false},"excerpt":{"rendered":"<p>Jagd- oder Angelrucksack mit integriertem Sitz.<\/p>\n","protected":false},"featured_media":752898,"comment_status":"closed","ping_status":"closed","template":"","meta":{"_acf_changed":false},"product_brand":[],"product_cat":[678],"product_tag":[3032,2829],"categoria_seo":[],"class_list":{"0":"post-753114","1":"product","2":"type-product","3":"status-publish","4":"has-post-thumbnail","6":"product_cat-rucksacke-und-dreibeine","7":"product_tag-jagd26","8":"product_tag-neuheiten2026","9":"pa_genere-mann","10":"pa_stagione-herbst-winter","11":"pa_attivita-jagd","12":"pa_tessuto-ripstop-de","13":"pa_brand-natur","14":"pa_colore-grun","15":"pa_taglia-2943","16":"pa_taglia-one","18":"first","19":"instock","20":"purchasable","21":"product-type-variable","22":"has-default-attributes"},"bundled_by":[],"bundle_stock_status":"instock","bundle_stock_quantity":null,"bundle_virtual":false,"bundle_layout":"","bundle_add_to_cart_form_location":"","bundle_editable_in_cart":false,"bundle_sold_individually_context":"","bundle_item_grouping":"","bundle_min_size":"","bundle_max_size":"","bundle_price":[],"bundled_items":[],"bundle_sell_ids":[],"acf":[],"aioseo_notices":[],"_links":{"self":[{"href":"https:\/\/sporttechs.it\/de\/wp-json\/wp\/v2\/product\/753114","targetHints":{"allow":["GET"]}}],"collection":[{"href":"https:\/\/sporttechs.it\/de\/wp-json\/wp\/v2\/product"}],"about":[{"href":"https:\/\/sporttechs.it\/de\/wp-json\/wp\/v2\/types\/product"}],"replies":[{"embeddable":true,"href":"https:\/\/sporttechs.it\/de\/wp-json\/wp\/v2\/comments?post=753114"}],"wp:featuredmedia":[{"embeddable":true,"href":"https:\/\/sporttechs.it\/de\/wp-json\/wp\/v2\/media\/752898"}],"wp:attachment":[{"href":"https:\/\/sporttechs.it\/de\/wp-json\/wp\/v2\/media?parent=753114"}],"wp:term":[{"taxonomy":"product_brand","embeddable":true,"href":"https:\/\/sporttechs.it\/de\/wp-json\/wp\/v2\/product_brand?post=753114"},{"taxonomy":"product_cat","embeddable":true,"href":"https:\/\/sporttechs.it\/de\/wp-json\/wp\/v2\/product_cat?post=753114"},{"taxonomy":"product_tag","embeddable":true,"href":"https:\/\/sporttechs.it\/de\/wp-json\/wp\/v2\/product_tag?post=753114"},{"taxonomy":"categoria_seo","embeddable":true,"href":"https:\/\/sporttechs.it\/de\/wp-json\/wp\/v2\/categoria_seo?post=753114"}],"curies":[{"name":"wp","href":"https:\/\/api.w.org\/{rel}","templated":true}]}}

<p>Der Jagd-Rucksack CHAIR PRO ist ideal für Ansitze bei der Jagd oder beim Angeln.<br />
Dank des gepolsterten Rückenteils bietet der Rucksack SYSTEM 200X Komfort und Atmungsaktivität für den Rücken. Gepolsterte und verstellbare Schultergurte, ein verstellbarer Hüftgurt sowie ein verschiebbarer Brustgurt mit Pfeifenschnalle. Die Innovation dieses Rucksacks ist ein bequemer, abnehmbarer Hocker mit großzügiger Sitzfläche. Mithilfe der vier Gurte lässt sich der Hocker abnehmen, sodass er völlig unabhängig vom Rucksack ist. Im Lendenbereich ist der Hocker mit einem abnehmbaren, gepolsterten Kissen ausgestattet. Der Rucksack verfügt über ein geräumiges Hauptfach, zwei Seitentaschen, von denen eine als isolierte Provianttasche dient, eine Organizer-Tasche oben sowie ein geräumiges Frontfach. „SOS“-Aufdruck auf der Innenseite der Abdeckung. Abstand zwischen Sitzfläche und Boden: 50 cm       </p>
